st common divisor of k and 472.
59
Suppose -367 + 319 = -2*y. What is the greatest common divisor of y and 48?
24
Suppose -27*m = -47*m + 2280. What is the highest common divisor of 95 and m?
19
Suppose 2*f - 12 = -4*q, 2*f + 0*q = -q + 9. Suppose f*m = 21 - 161. Let b be 76/5 - (-7)/m. What is the greatest common divisor of b and 15?
15
Let d = -45 - -46. Let u(w) = -w**3 + 21*w**2 + 46*w + 5. Let v be u(23). Calculate the highest common factor of d and v.
1
Let f(x) = 25*x - 349. Let c be f(14). Suppose -2*y + 22 = -4*w, 5 = -4*y + 3*y - 2*w. What is the highest common factor of y and c?
1
Let n = 43 + -38. Let x = 6 - n. Let s = x + 8. What is the highest common factor of s and 72?
9
Let w = -130 + 152. Let u be -3*33/6*-2. Calculate the greatest common divisor of u and w.
11
Let j(a) be the second derivative of 17*a**3/6 - a**2 + 4*a. Let y be j(2). Let u(z) = -z. Let w be u(-8). Calculate the highest common divisor of w and y.
8
Let s = -184 + 305. What is the highest common factor of s and 11?
11
Suppose -l = -d + 8, 4*d + l - 2 = 5. Suppose 26 + 40 = d*q. Suppose 4*j = v + 44, 0 = -2*j - 0*v - 2*v + q. Calculate the highest common factor of 121 and j.
11
Suppose -2*a - 977 = -2*u + 581, 2*u + 4*a - 1582 = 0. Calculate the highest common factor of u and 3.
3
Suppose 7*q - 29 = -3*h + 6*q, -2*h + 5*q = -8. What is the greatest common factor of h and 72?
9
Suppose 35*s - 9181 = -676. Calculate the greatest common divisor of 9 and s.
9
Let j(q) = -q**2 + q + 1. Let b(x) = 6*x**2 - 4*x - 7. Let l(a) = b(a) + 4*j(a). Let o be l(3). What is the highest common factor of 135 and o?
15
Let h(o) = -52*o + 333. Let m be h(6). What is the greatest common divisor of m and 672?
21
Let w(q) = -2108*q + 6415. Let v be w(3). Let l be (52/(-10))/(2/(-10)). What is the highest common factor of l and v?
13
Let y = -430 - -532. Calculate the highest common divisor of y and 54.
6
Suppose -3*s = -s + 4*c - 12, -4*c - 28 = -2*s. Let l be -6 + 4 - s/(-1). What is the highest common factor of l and 24?
8
Suppose 5*h - 6 = 3*u + 2*h, 0 = -2*h + 4. Suppose 2*v + 0*v = 3*w - 82, 2*v - 2 = u. Calculate the greatest common factor of 224 and w.
28
Suppose 6*y - y + 15 = 0, -95 = -v + 2*y. Suppose -b + v = 4*u, 0*b + 26 = u + 4*b. What is the greatest common factor of 55 and u?
11
Suppose -19*x + 21*x + 3*h - 4 = 0, 4*x + 4*h - 8 = 0. Calculate the highest common factor of x and 10.
2
Suppose 54 = 6*b - 30. What is the highest common divisor of 91 and b?
7
Suppose -k - 2*k = 15, -2*i - k + 255 = 0. Let h(q) = -q**2 + 6*q - 6. Let l be h(4). Suppose 7*z - l*z - 65 = 0. What is the highest common factor of i and z?
13
Let d(s) = -5*s**2 + 28*s - 4. Let c be d(3). Calculate the highest common factor of c and 560.
35
Suppose 0 = -19*f + 38 - 19. Calculate the greatest common divisor of 109 and f.
1
Suppose 7 = z + 21. Let s be (10 + z)/(-1 - 3). Let l be 214 - s - 15/(-5). Calculate the highest common factor of l and 24.
24
Let j = 100 - 97. Calculate the highest common divisor of 9 and j.
3
Suppose 1821 = 29*s + 545. Calculate the greatest common factor of 110 and s.
22
Suppose -5*h + 30 = -5*v, -h - 6*v = -v + 24. Let o be (-4 - -1)*(-4)/6. What is the greatest common divisor of o and h?
1
Suppose 0 = -0*l - 57*l + 1710. Calculate the highest common factor of l and 105.
15
Let l = 5 - -7. Let x = l - 9. Suppose j + x*o = 70, 3*j - 49 - 147 = -2*o. Calculate the greatest common factor of 8 and j.
8
Let m(s) = s**2 - 10*s + 3. Let b be m(10). Let c be 2*(b/(-2) - -2). Let r be ((-2)/c)/((-2)/15). Calculate the highest common factor of r and 3.
3
Suppose 4*z - 3 = -l + 3*z, -5*z = -3*l - 15. Suppose l = -3*c - 2*c + 10. Suppose 4*i - c = 3*i. Calculate the greatest common factor of i and 3.
1
Let j = 56 - -8. Suppose -40 = -3*o - 3*y + 7*y, o + 2*y = 0. Calculate the greatest common factor of o and j.
8
Suppose -12*v + 5*v = -735. Calculate the greatest common divisor of v and 30.
15
Let f = 7 + 1. Suppose -4*o + 19 = 5*s, s = -0*s - 5*o + 8. Suppose 6 = s*p, -a - 2*a + 2*p = -f. What is the greatest common factor of a and 2?
2
Suppose 98*w = 90*w + 400. What is the highest common divisor of w and 160?
10
Let j(s) = -s**3 + 2*s**2 - 2. Let r be j(-2). What is the greatest common factor of 448 and r?
14
Let q = -127 - -53. Let b = 16 - q. What is the highest common divisor of 18 and b?
18
Suppose -2*a = -6, 6896 = 5*v + a - 532. What is the highest common factor of v and 45?
45
Suppose -4*j = -3*j - 64. Calculate the highest common divisor of 4 and j.
4
Let c(m) = m**3 + 2*m**2 - m + 1. Let v be c(-2). Suppose -5 = -a - 4*d + 55, 0 = v*a - 5*d - 95. What is the greatest common divisor of 8 and a?
8
Suppose 0 = 17*l + 16*l - 165. Suppose 4*n = 11 + 1, 3*d = n + 57. What is the highest common divisor of d and l?
5
Let y(u) = u**2 - 3*u - 3. Let c be y(9). What is the greatest common divisor of c and 85?
17
Let v = -11 + 27. Suppose 0 = y + 2*k - 4 - 4, k + 16 = 2*y. Calculate the highest common factor of v and y.
8
Let f(w) = -8*w - 3*w - 7*w + 6*w - 12. Let c be f(-3). Calculate the highest common divisor of c and 60.
12
Let o = 70 + -67. Suppose -f - m = -1, 0 = -2*f - 2*m - o*m - 7. What is the greatest common divisor of 4 and f?
4
Let y be ((-165)/45)/((-1)/177). What is the highest common factor of 11 and y?
11
Suppose 5*u - 9 = 3*i, -3*u + 0*i - i + 11 = 0. Suppose 56 = u*x + 32. Let z be (4/(-2))/(-2) - -23. Calculate the greatest common divisor of z and x.
8
Let t = 31 - 27. Let h be 210/t + 2 + 7/(-14). Calculate the greatest common divisor of 9 and h.
9
Let a be (-2)/4 + (-5)/(-10). Suppose 2*f - 4 - 4 = a. Let w be (2 - f)/(3/(-33)). Calculate the greatest common divisor of w and 44.
22
Let r be -1*(-101)/(-4)*(-701 - -681). Calculate the greatest common divisor of r and 303.
101
Let k be (-30)/(-9) - (-16)/24 - -61. Let w = 57 - 44. What is the highest common divisor of w and k?
13
Let z be 4/8 + 537/6. Suppose -119*n + 122*n = z. What is the greatest common factor of 210 and n?
30
Let u be (-42)/12*(-2)/(-1) + 34. What is the highest common factor of u and 27?
27
Suppose f = -3*f - c + 709, f = -5*c + 201. Calculate the highest common factor of 192 and f.
16
Let x = 551 + -544. Calculate the greatest common factor of 8 and x.
1
Suppose 42*q + 360 - 1032 = 0. What is the highest common factor of q and 160?
16
Let x(c) = c**2 + 5*c + 6. Let w be x(-6). Let j be 1/((-2)/(-4)) + (-1 - -4). Suppose -k + 180 = j*k. Calculate the greatest common factor of k and w.
6
Let d(y) = 13*y - 7 - 22*y + 11*y. Let l be 2*((3 - -1) + 0). Let b be d(l). Calculate the greatest common factor of b and 72.
9
Let c = -30 + 72. Let q = 318 + -276. Calculate the highest common divisor of c and q.
42
Let g(b) = 3*b**2 - 8*b + 33. Let j be g(5). What is the greatest common factor of 187 and j?
17
Suppose 0*d = -4*d. Suppose -5*r + 85 - 10 = d. Let y = 45 - 35. Calculate the highest common factor of r and y.
5
Let a(s) = -3*s + 16. Let p be a(4). Let r be p/(-5) - 84/(-5). Calculate the greatest common factor of 32 and r.
16
Let w(s) = 5*s**2 + 4*s + 3. Let o be w(-5). Suppose -5*z - 75 = -5*m, m + 6*z - 3*z - 3 = 0. Calculate the greatest common divisor of o and m.
12
Let i(r) = 38*r + 409. Let q be i(-7). What is the highest common divisor of q and 44?
11
Let z be (2 + (-16)/2)*46/(-3). What is the highest common divisor of 161 and z?
23
Let u(p) = p**3 - 4*p**2 + 2*p + 12. Let n be u(0). Calculate the greatest common factor of 396 and n.
12
Let h = 224 - 139. Suppose 0 = -4*b - 5*v + 90, -4*b + v = -h + 7. What is the highest common factor of b and 5?
5
Let z = 12 + -9. Let j(t) = t + 24. Let v be j(9). What is the greatest common divisor of z and v?
3
Let u be 4/(-14) - (-598)/(-14). Let r(m) = 18*m**2 - 3*m - 2. Let o be r(-2). Let x = o + u. What is the greatest common factor of x and 11?
11
Suppose 2*f = 5*f - 4*y - 625, -y = 2*f - 402. What is the highest common divisor of 14 and f?
7
Let c(o) = -2*o**2 - 35*o - 42. Let r be c(-14). Calculate the highest common factor of r and 126.
14
Let r(h) = -5*h**2 + 8*h + 16. Let f(z) = -4*z**2 + 9*z + 15. Let v(g) = 6*f(g) - 5*r(g). Let a be v(-14). What is the greatest common divisor of a and 70?
10
Suppose o - 147 = -3*z - 25, 346 = 3*o +